13 a factor of 54948?
False
Is 22153310 a multiple of 29?
False
Is 335 a factor of 4191783?
False
Is 3034761 a multiple of 117?
False
Is 14682350 a multiple of 430?
True
Is 1685064 a multiple of 3?
True
Does 33 divide 2157907?
False
Is 1050 a factor of 6885755?
False
Does 10 divide 53901?
False
Does 68 divide 4036024?
False
Does 119 divide 566321?
True
Does 87 divide 414207?
True
Is 224 a factor of 315323?
False
Is 20467 a multiple of 97?
True
Is 217974 a multiple of 6?
True
Is 12 a factor of 344392?
False
Does 155 divide 18445?
True
Is 247 a factor of 603668?
True
Does 694 divide 1181882?
True
Does 493 divide 711592?
False
Does 34 divide 1980899?
False
Is 99480 a multiple of 120?
True
Is 38743 a multiple of 16?
False
Is 1007 a factor of 1039224?
True
Is 591128 a multiple of 76?
True
Does 56 divide 381192?
True
Does 9 divide 7623?
True
Is 53 a factor of 3663741?
False
Is 1087818 a multiple of 111?
False
Is 5 a factor of 16390?
True
Does 139 divide 86736?
True
Does 14 divide 1421854?
True
Is 13 a factor of 721227?
True
Is 52 a factor of 307883?
False
Is 348768 a multiple of 144?
True
Does 13 divide 11466?
True
Does 384 divide 246198?
False
Does 59 divide 117174?
True
Is 3387450 a multiple of 5?
True
Is 22 a factor of 3540482?
True
Is 124 a factor of 1099619?
False
Is 1297852 a multiple of 38?
True
Does 98 divide 867132?
False
Is 22 a factor of 398455?
False
Is 438 a factor of 1682796?
True
Does 17 divide 279885?
False
Is 693450 a multiple of 18?
True
Is 51294 a multiple of 119?
False
Does 4 divide 135688?
True
Is 35 a factor of 70678?
False
Is 25119 a multiple of 34?
False
Is 2956458 a multiple of 10?
False
Is 2764188 a multiple of 21?
True
Is 19 a factor of 1117827?
True
Is 919 even?
False
Is 2087 a factor of 3094766?
False
Is 53100 a multiple of 30?
True
Is 2744397 a multiple of 16?
False
Is 651222 a multiple of 414?
True
Is 91 a factor of 14196452?
False
Is 88 a factor of 61336?
True
Is 3148135 a multiple of 50?
False
Is 1736 a factor of 23710288?
True
Is 30 a factor of 75240?
True
Is 1218 a factor of 26972610?
True
Is 9976098 a multiple of 70?
False
Does 22 divide 3409868?
True
Is 2409784 a multiple of 376?
True
Is 10 a factor of 3571500?
True
Does 5 divide 1048406?
False
Is 2739990 a multiple of 115?
True
Is 309 a factor of 1146699?
True
Is 105118 a multiple of 3?
False
Is 46215 a multiple of 39?
True
Does 17 divide 1034595?
False
Is 119 a factor of 4509488?
False
Is 19039984 a multiple of 8?
True
Is 216585 a multiple of 2?
False
Is 3672738 a multiple of 887?
False
Is 25 a factor of 369175?
True
Is 80 a factor of 385238?
False
Does 23 divide 79146?
False
Does 19 divide 94411?
True
Does 208 divide 135409?
False
Is 17 a factor of 1376626?
True
Does 36 divide 1596477?
False
Is 163728 a multiple of 12?
True
Is 55 a factor of 1290135?
True
Is 10 a factor of 197110?
True
Is 209 a factor of 17974?
True
Is 10797874 a multiple of 626?
True
Is 8573780 a multiple of 85?
True
Is 502180 a multiple of 10?
True
Does 3 divide 3176172?
True
Is 3 a factor of 3205710?
True
Is 221 a factor of 327981?
False
Is 9 a factor of 107064?
True
Does 127 divide 13462?
True
Does 20 divide 64211?
False
Is 138 a factor of 115139?
False
Is 8 a factor of 83983?
False
Is 9661266 a multiple of 201?
True
Is 13815564 a multiple of 28?
True
Is 168156 a multiple of 7?
False
Is 1293 a factor of 1144305?
True
Is 35 a factor of 7966910?
True
Is 348686 a multiple of 26?
True
Is 33750 a multiple of 54?
True
Does 15 divide 3811440?
True
Is 32858 a multiple of 64?
False
Is 1013752 a multiple of 47?
False
Does 10 divide 33203?
False
Does 27 divide 624780?
True
Is 1275540 a multiple of 6?
True
Is 62 a factor of 17441253?
False
Is 15 a factor of 483940?
False
Does 81 divide 164349?
True
Is 5277174 a multiple of 389?
True
Is 15 a factor of 82590?
True
Is 660916 a multiple of 55?
False
Does 2 divide 350442?
True
Is 142 a factor of 343695?
False
Is 96 a factor of 2479104?
True
Does 11 divide 239591?
True
Is 89 a factor of 147918?
True
Is 3387833 a multiple of 11?
False
Is 1904125 a multiple of 25?
True
Is 1424523 a multiple of 9?
False
Is 234 a factor of 1657890?
True
Is 505 a factor of 2619936?
False
Does 217 divide 100206?
False
Is 72 a factor of 144?
True
Is 3352620 a multiple of 284?
True
Is 4093440 a multiple of 12?
True
Is 56030 a multiple of 4?
False
Does 58 divide 57935?
False
Is 2990951 a multiple of 70?
False
Does 537 divide 12114183?
True
Does 6 divide 4821091?
False
Is 38 a factor of 74368?
False
Does 41 divide 5704166?
True
Is 566 a factor of 21679498?
True
Is 30618 a multiple of 47?
False
Is 1253140 a multiple of 13?
False
Is 28786 a multiple of 389?
True
Does 13 divide 140933?
True
Is 141252 a multiple of 18?
False
Does 6 divide 4375056?
True
Does 2 divide 254321?
False
Is 16321 a multiple of 19?
True
Does 34 divide 376159?
False
Does 1113 divide 8517789?
True
Is 136290 a multiple of 22?
True
Is 6656750 a multiple of 10?
True
Is 3 a factor of 43058?
False
Does 104 divide 18809157?
False
Does 9 divide 16846?
False
Is 492 a factor of 844073?
False
Does 86 divide 164518?
True
Is 814460 a multiple of 145?
False
Is 1325235 a multiple of 255?
True
Is 190 a factor of 820610?
True
Is 82 a factor of 5062823?
False
Is 3 a factor of 78324?
True
Is 17 a factor of 3553?
True
Is 24000 a multiple of 150?
True
Is 83151 a multiple of 231?
False
Is 795337 a multiple of 315?
False
Is 5092032 a multiple of 704?
True
Is 186211 a multiple of 72?
False
Is 7510670 a multiple of 30?
False
Is 6 a factor of 1260252?
True
Is 684582 a multiple of 2?
True
Is 113 a factor of 10839843?
False
Is 9726370 a multiple of 736?
False
Is 11309296 a multiple of 42?
False
Is 68 a factor of 764218?
False
Does 4 divide 347722?
False
Is 35 a factor of 2387420?
True
Is 154812 a multiple of 84?
True
Is 13 a factor of 74217?
True
Does 6 divide 103506?
True
Is 1411321 a multiple of 152?
False
Is 13 a factor of 11041?
False
Is 22521645 a multiple of 327?
False
Does 53 divide 74881?
False
Does 320 divide 606400?
True
Does 12 divide 678696?
True
Is 53 a factor of 661281?
True
Is 61608 a multiple of 51?
True
Does 8 divide 312563?
False
Is 3990175 a multiple of 1155?
False
Is 3780 a multiple of 36?
True
Does 17 divide 35015?
False
Does 51 divide 542997?
True
Is 306 a factor of 635868?
True
Is 26 a factor of 731848?
True
Does 59 divide 1134511?
True
Is 51 a factor of 301315?
False
Does 14 divide 3543726?
False
Does 23 divide 608884?
False
Is 2538 a multiple of 16?
False
Is 3016169 a multiple of 44?
False
Is 104795 a multiple of 13?
False
Is 395628 a multiple of 108?
False
Is 1625593 a multiple of 463?
True
Is 4 a factor of 115496?
True
Is 28 a factor of 2572708?
False
Is 15 a factor of 278173?
False
Is 8833563 a multiple of 3?
True
Is 4086300 a multiple of 10?
True
Is 74 a factor of 3425978?
True
Does 10 divide 245958?
False
Is 5057844 a multiple of 183?
False
Is 3335296 a multiple of 64?
True
Does 215 divide 4413343?
False
Is 57840 a multiple of 111?
False
Does 14 divide 513520?
True
Is 4790509 a multiple of 470?
False
Does 26 divide 7231172?
True
Does 323 divide 809242?
False
Does 239 divide 111613?
True
Is 7 a factor of 411350?
False
Does 61 divide 24888?
True
Is 67843 a multiple of 40?
False
Is 257 a factor of 676938?
True
Does 114 divide 411923?
False
Is 84 a factor of 180936?
True
Is 48124 a multiple of 31?
False
Is 2899842 a multiple of 33?
True
Is 407 a factor of 924404?
False
Is 113 a factor of 5651831?
False
Is 285089 a multiple of 7?
True
Is 81 a factor of 1918357?
False
Is 65 a factor of 305240?
True
Does 133 divide 399?
True
Is 81518 a multiple of 94?
False
Is 8 a factor of 810296?
True
Is 6191136 a multiple of 18?
True
Is 98 a factor of 224616?
True
Is 547 a factor of 14283?
False
Is 2002 a multiple of 13?
True
Does 8 divide 172672?
True
Is 15 a factor of 1126902?
False
Is 3609940 a multiple of 2?
True
Is 188706 a multiple of 42?
True
Is 112317 a multiple of 14?
False
Does 209 divide 6301977?
True
Does 294 divide 422737?
False
Is 7 a factor of 124430?
False
Does 10 divide 1156016?
False
Is 409528 a multiple of 284?
True
Is 348876 a multiple of 99?
True
Does 225 divide 10428975?
True
Is 38 a factor of 12390926?
True
Is 432393 a multiple of 5?
False
Is 5149035 a multiple of 1161?
True
Is 2097850 a multiple of 45?
F